et g = f + -11. Let u = g - -17. Calculate r(u).
4
Suppose -2*v = 2*v - 24. Let t be (8/10)/(2/5). Suppose t*a + 32 = -v*a. Let g(u) = -u**2 - 3*u + 5. Determine g(a).
1
Suppose -2*s + 25 = s + 4*t, 5*s - 100 = 5*t. Let q(l) = l**3 - 15*l**2 - 4. Determine q(s).
-4
Suppose -2*m + 12 = -0. Let f(x) = -x**3 + 7*x**2 - 6*x + 5. Calculate f(m).
5
Suppose 256*z = 260*z + 24. Let l(y) = 2*y**3 + 11*y**2 - 5*y + 5. Give l(z).
-1
Let g(d) = 6*d + 10. Let h be g(-5). Let j be (64/h - 0) + (-8)/10. Let y(o) = o**2 - 2*o + 2. Determine y(j).
26
Suppose -27*m + 52 = -2. Let y(g) be the second derivative of 0 + 0*g**m + 1/12*g**4 - g - g**3. Calculate y(6).
0
Let c(o) = o - 4. Let g = 40 - 61. Let x(w) = w**3 + 20*w**2 - 19*w + 42. Let p be x(g). Calculate c(p).
-4
Suppose 1 + 14 = 5*i. Suppose j - 17 = i*l, 3*j + j = 2*l + 28. Let d(h) be the second derivative of -h**3/6 - 9*h**2/2 - h. Give d(l).
-5
Suppose w + 5*h = 16, h - 14 = 4*w + 27. Let j(q) = q**2 + 7*q - 15. Let n be j(w). Suppose 6*g = n*g + 12. Let k(a) = -a + 7. What is k(g)?
3
Let c = -557 - -580. Suppose -a = -2*a + 3*m - 1, 5 = -a + 5*m. Suppose -a*y = c + 2. Let k(l) = -l - 2. Calculate k(y).
3
Let o(d) = -2*d**3 + d**2 - d - 1. Let l(v) = -9*v**3 - 2*v - 1. Let a(i) = -l(i) + 2*o(i). Calculate a(-1).
-4
Let b(w) = 5*w - 18. Let c(o) = 15*o - 54. Let y(t) = -7*b(t) + 2*c(t). Let v be y(9). Let u = v + 26. Let s(h) = 3*h**2 - h - 1. Give s(u).
3
Let p(w) = 3*w**2 - 20*w - 13. Let s(x) = -5*x**2 + 40*x + 27. Let k(r) = 7*p(r) + 4*s(r). Determine k(-19).
-2
Let d(x) = x**2. Let m(o) = -6*o**2 + 8. Let u(i) = 8*d(i) + m(i). Let g(l) be the first derivative of u(l). Let r(k) = -k - 3. Let p be r(-5). Calculate g(p).
8
Suppose -2*g = -230 + 220. Let a(s) = s**3 - s**2 + s + 1. Let k(z) = -4*z**3 + 8*z**2 - 4. Let u(r) = -3*a(r) - k(r). What is u(g)?
-14
Let q(u) = -2*u + 1. Suppose -4*h = -0*h - 16. Suppose -h*p + p - 18 = 0. Let x be (-4)/p - (-35)/15. What is q(x)?
-5
Suppose 2*x + 3 = -2*u - 1, 28 = 4*u - 5*x. Suppose p + 5 = f + f, u*p = -f. Let j(a) = 7*a**3 + a + 2*a**2 + 0*a**3 + 0*a**2. Calculate j(p).
-6
Let d = 424 - 416. Let x(b) = -b**3 + 6*b**2 + 9*b + 9. Determine x(d).
-47
Let d(j) = j**3 + 5*j**2 + 6*j + 5. Suppose g - 6*y + 3*y = 11, 4*y + 4 = 4*g. What is d(g)?
-3
Let f(b) = 7*b - 9. Let r be f(8). Let o = r + -46. Let t(m) = -11*m + 5. Let x(s) = -s + 1. Let w(z) = t(z) - 4*x(z). Calculate w(o).
-6
Let j(s) = 2*s + 1. Let f(b) = -5*b + 1. Let t = 90 + -91. Let l(k) = t*j(k) + f(k). Determine l(-1).
7
Suppose -3*j + 5*j = 3*p - 9, -p - 5*j + 3 = 0. Suppose -p*y + 32 = -7*y. Let i = y + 11. Let f(c) = c + 1. Calculate f(i).
4
Let n(h) = 8*h - 4. Let j(v) = -16*v - 61. Let l be j(-4). Calculate n(l).
20
Let m(z) = 7*z + 3. Let v be (-133)/(-266)*(-3)/(3/2). Determine m(v).
-4
Let y(j) be the second derivative of -3*j**5/20 + j**4/4 + j**3/6 - j**2 - 108*j - 2. Determine y(2).
-12
Let s be ((-22)/8 - -2)/((-14)/(-56)). Let x(f) = f + 7. What is x(s)?
4
Let q(j) = 21*j - 16. Let n(i) = 11*i - 9. Let s(u) = -7*n(u) + 4*q(u). Let w be -2 + 2/6*0. What is s(w)?
-15
Let w(p) = -7*p**3 - 5*p**2 + p - 3. Let g(c) = 3*c - 66. Let y be g(20). Let o(t) = -6*t**3 - 4*t**2 + t - 1. Let z(i) = y*o(i) + 5*w(i). Give z(0).
-9
Let b(w) be the second derivative of -7/2*w**2 - w + 1/6*w**3 + 0. Suppose -5*c = -2*c - 9. Give b(c).
-4
Suppose 0 = 4*d + 2*p - 32, 3*d + 0*d + 2*p - 22 = 0. Let c(j) = j**2 - 11*j - 4. What is c(d)?
-14
Let m = 9 + -12. Let j(i) = -2*i - 6. Let s be j(m). Suppose s*f = -f. Let t(d) = d**3 - d**2 - 8. Calculate t(f).
-8
Let y be 8 - (24/16)/((-2)/4). Let j(n) = n - 13. Let t be j(y). Let k(r) be the third derivative of r**6/120 + r**5/15 + r**3/6 + r**2. Give k(t).
9
Let j(r) = 0 - 5*r**2 + r + 3*r**2 + r + 2. Let g(n) = 14*n + 16. Let d be g(-1). What is j(d)?
-2
Let s(x) be the third derivative of -x**4/24 - 7*x**3/6 - 308*x**2. Suppose -16 - 14 = 5*d. What is s(d)?
-1
Let m = -38 - -38. Suppose -8*c + 2 + 62 = m. Let r(f) = f**3 - 8*f**2 - f + 5. Calculate r(c).
-3
Let x be (-18)/15*10/(-4). Let y(k) = -4 + 3 - k**2 + x - 4*k. Give y(-5).
-3
Let p = -11 + -1. Let x(n) = -n**3 - 12*n**2 + 8. Let v be x(p). Let i(j) = -j + v*j - 5*j - 7. Give i(5).
3
Let x(q) = -7*q + 2. Let i(a) be the first derivative of a**2/2 + a + 5. Let u(p) = 6*i(p) + x(p). Suppose 0 = -3*j + 13 + 5. Give u(j).
2
Let t(p) = 4*p - 18. Let r(i) = i**3 + 2*i**2 - 5*i + 7. Let w be r(0). Determine t(w).
10
Let i(h) = -h**3 + 12*h - 6. Let a be i(3). Let c(g) = g - 10*g**2 + g**3 + 12*g**2 - 4*g**a + 5*g**3. What is c(-1)?
-1
Let q(j) be the third derivative of j**5/60 + 5*j**4/24 - 5*j**3/3 + 480*j**2. Give q(-7).
4
Let r(q) be the first derivative of q**7/840 + q**6/45 - 5*q**4/24 - 11*q**3/3 - 8. Let p(t) be the third derivative of r(t). Calculate p(-8).
-5
Let g(x) = 3*x**3 - 20*x**2 + 3*x - 8. Let t(p) = 4*p**3 - 25*p**2 + 4*p - 7. Let z(n) = -3*g(n) + 2*t(n). Calculate z(10).
0
Let d(p) = -4*p - 9. Let z(b) = 2*b + 4. Let t(f) = 6*d(f) + 14*z(f). What is t(2)?
10
Suppose -2 = g - 3*g. Let v(i) = -i**3 - 4*i**2. Let h(o) = o**2. Let d(f) = -4*h(f) - v(f). What is d(g)?
1
Suppose 0 = -2*u - 5*u - 7. Let f(c) = c**2 + c + 1. Let b(v) = 4*v**2 + 13*v + 10. Let d(q) = u*b(q) + 5*f(q). What is d(6)?
-17
Suppose -3*j = 4*i + 6, 2*i + 12 = 6*j - 6. Let m(b) be the first derivative of -3 - b**3 + 1/4*b**4 - b**j - 4*b. Determine m(4).
4
Let c(s) = s**3 - 10*s**2 + 4*s - 2*s + 3*s + 1 + 9. Determine c(9).
-26
Let k(n) = 0*n + 12 + n + 1 - 5. Suppose x - 3*x - 2*r + 20 = 0, -3*x + 3*r + 6 = 0. Suppose 4*c - 2*z = -x*z - 36, -5*c - z = 37. Give k(c).
1
Let y(r) be the second derivative of r**3/6 - r**2/2 - 13*r. Determine y(-6).
-7
Let x be (-72)/60 - 39/5. Let f(v) = -v**2 - 8*v + 12. Calculate f(x).
3
Let z = -269 + 272. Let f(k) = -4*k - 4. Give f(z).
-16
Let v be -4*(-9)/24*2. Suppose n = -v*n - 24. Let u(j) = 5 + 0 + j**2 - 3*j + 9*j. Determine u(n).
5
Let m(h) = h**3 - h**2 - h + 1. Let t(p) = 16*p**3 + 3*p**2 + 3*p. Let w(j) = m(j) + t(j). Suppose -2*u + 2*s - 4 = 0, 4*u + 3*s + 34 = 33. What is w(u)?
-16
Let s(h) = 8*h - 9*h + 497 - 498. What is s(-3)?
2
Let z = -1 + 4. Suppose 0*c = -c - 4*r + 35, 2*c = -z*r + 70. Suppose -4*x + 7 - c = 5*l, 0 = -2*x - 2*l - 12. Let a(g) = 4*g**2 + 4*g + 3. Determine a(x).
11
Let v(a) be the first derivative of -4/3*a**3 - 1/2*a**2 + 0*a - 6. Calculate v(-1).
-3
Suppose 0 = -4*z + z + 6. Let w(d) = 2*d**2 - 7 + 2 + 2*d**z - 5*d**2 - 9*d. Determine w(-9).
-5
Let a(b) = b**2 - b - 1. Suppose -20 = 164*z - 174*z. Give a(z).
1
Let k(z) = -z**2 + z + 4. Suppose 2*f - 5*m + 6 = f, -2*m = -5*f + 16. What is k(f)?
-8
Let u(f) = -33*f + 3. Let o(v) = 24*v - 2. Let x(m) = 7*o(m) + 5*u(m). Let d(b) = -5*b**2 - 1. Let g be d(-1). Give x(g).
-17
Let i(d) = d**2 - 8*d - 6. Suppose 0 = 3*x - 9 - 15. Give i(x).
-6
Let j(s) = -s**3 + 7*s**2 + s - 1. Suppose -4*c + 1 + 23 = 0. Suppose -5 = -2*k - 3*z, c*k - k = 3*z + 44. Give j(k).
6
Let x(f) = -f**2 - 9*f - 2. Let u be x(0). Let y(n) = 2*n**3 - 2*n**2 - 2. Determine y(u).
-26
Let n(a) = -a. Let v(w) = -w**3 - 7*w**2 - 2*w. Let s(c) = -5*n(c) - v(c). Let x be 30/40 + 5/4. Let u = x - 8. Determine s(u).
-6
Let y(n) = -n**2 - 4*n + 7. Let q = -83 - -125. Suppose 0 = 6*v + v + q. Give y(v).
-5
Let x(b) = 2*b - 1 + 4 - 7*b + 2 + b**2. Let y(t) be the second derivative of -t**4/12 - 2*t**3 - 3*t**2 - 9*t. Let r be y(-11). Determine x(r).
5
Let k be (8/10)/(-4) + (-41)/(-5). Suppose -k*t + 13 = 5. Let f(o) = -5*o**2 + o. Determine f(t).
-4
Let c(t) = 3*t**3 + 10*t**2 - 5*t + 13. Let k(h) = h**3 + 3*h**2 - 2*h + 5. Let w(v) = 3*c(v) - 8*k(v). Determine w(-6).
-7
Let f(k) = k**3 + 7*k**2 - k - 10. Suppose 2*b = l + 5, 0 = -l - 3*l + 3*b - 25. Calculate f(l).
-3
Let i(s) = -2*s - 4. Let r(d) = -2*d**2 - 5*d + 19. Let y(n) = 4*i(n) + r(n). Determine y(-8).
-21
Let j(s) be the second derivative of -s**3/6 + s**2/2 - s. Let v(k) = -k**2 + 9*k + 5. Let u be v(11). Let b = u - -17. Determine j(b).
1
Let v(z) = z**3 - 8*z**2 - 21*z + 114. Let o be v(9). Let x(d) = d**3 - 6*d**2 + 4*d + 4. Give x(o).
28
Suppose 0 = -5*v + 94 - 4. Suppose -4*a + 15 = a - 5*k, 0 = -a - 4*k + v. Suppose j = a*j. Let m(h) = -h + 5. What is m(j)?
5
Let t(x) = x**3 